-3*q. List the prime factors of y.
5
Let w be ((-5)/(-3))/(16/48). Suppose 9*j - w*j = 212. List the prime factors of j.
53
Suppose 160 = 3*t - 56. Let g = t + -32. List the prime factors of g.
2, 5
Suppose 2*p = -0*p + 68. List the prime factors of p + 0 + 2*(-1)/1.
2
Let t = -1 + -1. Let r be (-12)/(-24) + (-238)/(-4). What are the prime factors of (r/(-9))/(t/12)?
2, 5
List the prime factors of ((-3439)/76)/((-3)/12).
181
Suppose t - 20 = -3*t. Let j be (t + -2)*(-20)/(-6). Let s(x) = -x**3 + 11*x**2 - 6*x + 7. List the prime factors of s(j).
47
Let i be (-5 - -6) + 1*3. Suppose 4*c - 2*p = 128, -i*c + 104 = 5*p - p. Suppose -2*f + 2*a + 3*a = -2, 2*f + 2*a - c = 0. List the prime factors of f.
11
Suppose -3*f = 4*i - 321, -4*f + 5*i - 207 = -6*f. List the prime factors of f.
3, 37
Let q = -61 - -22. List the prime factors of (-5181)/q + (-111)/39 + 3.
7, 19
Suppose 5*r + 11 = -119. Let t = -16 - r. List the prime factors of 204/36*(-1 + t).
3, 17
What are the prime factors of 18 + -16 + 449 + 2?
3, 151
Let w be (-2)/8 + 27/12. Suppose -3*d - 5*p - 4 = 5, 17 = 4*d - 3*p. Suppose -w*j = -4*i - j + 45, d*j - 66 = -5*i. What are the prime factors of i?
2, 3
Suppose -3*g = -4*q + 3, 2 + 1 = q. Suppose -2*u - 5*f = 86, -g*u - u - f - 190 = 0. Let o = -27 - u. List the prime factors of o.
3, 7
List the prime factors of (611 - (3 + -7)) + -7.
2, 19
Let p(j) = -15*j - 10. Let u be p(8). What are the prime factors of (-644)/(-10) + 52/u?
2
Let j = -543 - -814. What are the prime factors of j?
271
Let p be -139*(2 - (7 - 3)). Suppose p = 6*i - 40. Suppose 157 - i = 4*z. List the prime factors of z.
2, 13
Suppose -563 = 2*r - 133. List the prime factors of 1*(-6 + 4 - r).
3, 71
Suppose 68 = 8*c + 276. Let f be (-3)/6*2 + -33. Let w = c - f. List the prime factors of w.
2
Let k(y) be the first derivative of 11*y**2/2 - 12*y - 11. What are the prime factors of k(5)?
43
Let b be 3/(-2)*(-88)/6. Let t be 4/b + (-93)/(-33). Suppose 0 = -2*d - 2*r - 3*r + 68, t*d = 4*r + 102. List the prime factors of d.
2, 17
Let n(h) = -h**3 - 2*h**2 - 2*h. Let r be n(-3). Let j = -31 + r. What are the prime factors of -4*2/(j/34)?
17
Suppose 5*w = w. Suppose w = -4*q + 2*q + 6. Suppose -q*g + 54 = 6. List the prime factors of g.
2
Let w = 156 - 78. What are the prime factors of w?
2, 3, 13
Suppose -3*y = -y - 108. Let g = 163 - y. List the prime factors of g.
109
Suppose -11*u = -9*u - 2, 2*o - 4*u = 1054. List the prime factors of o.
23
Suppose 0 = 29*s + 7*s - 23256. List the prime factors of s.
2, 17, 19
Let h = 40 - -95. Suppose -4*l - l = -h. Let q = l + -25. List the prime factors of q.
2
Suppose -35*n + 8227 = -16*n. List the prime factors of n.
433
Suppose -7*v + 6*v - 7 = 0. Let k(p) = p**2 - 10*p + 9. List the prime factors of k(v).
2
Let j(y) = -y**3 - y**2 + 3*y + 2559. What are the prime factors of j(0)?
3, 853
Let v(b) = b**2 + 4*b + 3. Let f be v(-4). Suppose 64 = f*i - 53. What are the prime factors of i?
3, 13
Let t(d) = 4 - 5*d - 14 + 8. What are the prime factors of t(-16)?
2, 3, 13
Let k = 706 - 2674. Let u be (-2)/(-7) - k/(-28). What are the prime factors of (-3654)/u - 2/10?
2, 13
List the prime factors of 209 + (-2 - (-3 - -1)).
11, 19
Let d be 5/(4/12*3). Suppose -3*i - 3*b + 9 = 0, -d*b = -3*i - 2*b + 9. What are the prime factors of i?
3
Let n = 3470 - -1011. What are the prime factors of n?
4481
Let q(g) = g**2 + 3. Let x(t) = t + 2. Let p be x(2). Let m be q(p). Suppose 4*j + 5 = o, -j = o + 2*j - m. List the prime factors of o.
13
Let u(o) = -6*o - 58. Let d be u(-17). Let l = d - 8. What are the prime factors of l?
2, 3
Let t(o) = -4*o + 10. Let l be t(2). What are the prime factors of -2 - (l - 63) - 4?
5, 11
Let b(n) = n - 2 - 5 + 2 + 4. Let p be b(6). Suppose 60 - 15 = p*o. List the prime factors of o.
3
Let k be 8/(-18)*45/(-10). Suppose 0 = k*g + n - 98, -5*n + 126 + 35 = 3*g. List the prime factors of g.
47
Let m(s) = s**3 + 3*s**2 - 3*s - 1. Let t be m(2). Suppose -15*r + t*r = -438. List the prime factors of r.
3, 73
List the prime factors of 78*26/195*5.
2, 13
Let o = -312 - -529. Suppose -167 = -4*i - 3*r + 137, -3*i = 5*r - o. What are the prime factors of i?
79
Suppose 4*x + 49 = -5*o, 3*x = -x + 3*o - 9. Let q be 10 - 2/((-4)/x). Suppose -i + 2*n - q = 0, -3*i - 2*n + 22 = 3. List the prime factors of i.
3
Let r = -44 - -115. Let x = -5 + r. List the prime factors of x.
2, 3, 11
Let f be (-2)/4*0 - (-7 + 5). List the prime factors of 55/(5/f - 2).
2, 5, 11
Suppose -3*m + 2 = -13, q = -5*m + 22. Let y(p) be the first derivative of -p**2 - 4*p - 4. List the prime factors of y(q).
2
Let c(o) be the third derivative of o**5/30 - o**4/4 + o**3/3 + 40*o**2. List the prime factors of c(13).
2, 131
Suppose 4 = d - 4*i - 0*i, -3*i - 3 = 4*d. Suppose d = 3*b - 52 - 56. What are the prime factors of b?
2, 3
Let l be (-52)/6 + (-5)/15. Let m be (-2)/(15/l + 1). Suppose m = 2*g - 13. What are the prime factors of g?
2
Let p be -3 + 6 + -4 + 22. Let l = -12 + p. Suppose l*r - 3*r = 474. List the prime factors of r.
79
Suppose -2*z + 0*y - 109 = 3*y, -3*y = 9. Let o = 91 + z. List the prime factors of o.
41
List the prime factors of (-18 - -13)*1*(-3328)/10.
2, 13
Let j be 1 - (-3 - 27) - 3. Let w be 6/21 + (-932)/j. Let z = 76 + w. List the prime factors of z.
43
Suppose 42 = 2*j - 2*t, 4 = -j - 3*t + 45. List the prime factors of j.
2, 13
Let u = 3777 - 130. List the prime factors of u.
7, 521
Let p = 155 - -156. List the prime factors of p.
311
Let b(w) = 5*w**3 + 5*w**2 - 12*w + 13. List the prime factors of b(4).
5, 73
Let p = 93 - 56. Suppose -41*h = -p*h - 1068. List the prime factors of h.
3, 89
List the prime factors of 1740/36*-3*-17.
5, 17, 29
Let m = -20 + 26. Suppose s = m*s + 70. List the prime factors of (-466)/s + (-8)/28.
3, 11
Let d = -1 - -1. Let a = d + -6. List the prime factors of 6/(-18) - 182/a.
2, 3, 5
Let c(k) = -k**3 - 10*k**2 + 11*k - 10. Let q be c(-11). List the prime factors of (-1692)/q - (-4)/140*-7.
13
Let w = -5 - -6. Suppose -z = w - 3. List the prime factors of z.
2
Suppose -3*h + 2*t = -65, 6*h - 92 = 2*h + 4*t. Let o be 0 - -46 - (-3 + 1). Let z = o - h. What are the prime factors of z?
29
Let h = -2 - -1. Suppose -8*p = 21*p - 29. What are the prime factors of (h/(-3))/(p/129)?
43
Let h(n) = 3*n**2 + 5*n - 12. Let u be h(4). Suppose 8*c + u = 10*c. List the prime factors of c.
2, 7
Let q(i) = i**3 + 3*i**2 - 4*i + 2. Suppose 4*z = -4*n, -15 = z - 3*n + 1. Let f be q(z). Suppose 22 = -a + f*a. List the prime factors of a.
2, 11
Suppose -8 = -2*r - 2*r, 2*r + 16 = 4*z. Let p be 6/9 + 5 + (-5154)/(-18). Suppose -s - 4*c = -68, -6*c - p = -z*s - 2*c. List the prime factors of s.
2, 3, 5
Suppose -90*h + 51*h + 70356 = 0. What are the prime factors of h?
2, 11, 41
Suppose -4943 = -9*q + 3274. What are the prime factors of q?
11, 83
Let z(i) = -48*i**3 + i**2 - 4*i + 3. Let n be z(1). Let l = 131 - n. List the prime factors of l.
179
Suppose 518 + 247 = -3*h. Let s = -142 - h. List the prime factors of s.
113
Suppose 0 = -4*p + 2*u + 336, -3*p - 2*p + 402 = 2*u. Suppose -4*k + p = -154. Suppose 0 = 5*x - k - 1. What are the prime factors of x?
2, 3
Suppose 0 = -23*c - 2*c + 13500. List the prime factors of c.
2, 3, 5
Let a be 2/(-7)*(-13 + -1). Suppose a*f = -3*k + 185 - 32, f - 27 = -3*k. Suppose -f = -y - 5*p, -4*p - 14 = -5*y + 51. List the prime factors of y.
17
Let j(v) = -26*v**3 + 3*v**2 + 3*v + 13. What are the prime factors of j(-3)?
733
Let m(z) = -z**3 + 7*z**2 - 4. Let l be m(7). Let o(d) = -d**3 - 2*d**2 + 6*d + 2. Let i be o(l). Suppose -i = -h + 10. List the prime factors of h.
2, 5
Suppose 5*t + 1 = -4*r, t + 2*t + 5 = 2*r. List the prime factors of (-15915)/(-60) - (-1)/((-4)/r).
5, 53
List the prime factors of -1 - -3 - (1 - 423).
2, 53
Suppose 3*l + 492 = 2*z - 0*z, 5*l + 20 = 0. What are the prime factors of z?
2, 3, 5
Suppose g + 1130 = h, -h + 7*g - 10*g = -1122. List the prime factors of h.
2, 3, 47
Let u = 1372 + -852. Suppose 0*k + u = 5*k + 5*p, 84 = k - 4*p. List the prime factors of k.
2, 5
Suppose 4*s = -3*s + 70. Suppose 0 = 2*a - 5*a + w - s, -5*a - 28 = 4*w. What are the prime factors of (-6)/a*(-72)/(-27)?
2
Let d(r) = -r + 10. Let x be d(6). Let a(s) = -9*s + 9. Let b be 